- (2 + -17). Let h = u + w. What is the units digit of h?
3
What is the hundreds digit of (2 + (-12)/(-8))*122?
4
Let c(y) = -2*y - 25. Let f be c(-12). What is the hundreds digit of (-160)/48*(1 - (f + 35))?
1
Suppose 2*v - 7*v = -20. Suppose -14 = -3*o - g, 0 = v*o - 4*g - 0*g - 8. What is the units digit of o?
4
Suppose 71*u = 24*u + 86010. What is the tens digit of u?
3
Suppose -u = 2*y - 0 - 3, 3*y = 2*u - 6. Suppose y = 4*l - 8, 2*n = n - 2*l + 14. What is the units digit of n?
0
Suppose -3*p - 29971 = -20*p. What is the hundreds digit of p?
7
Let f(b) = 515*b**2 + 19*b + 2. What is the tens digit of f(-2)?
2
Let q(f) = -2*f**2 - 13*f + 2. Let s be (3 - (1 + 3)) + 2. Let l be 7/(0 - s) - -1. What is the units digit of q(l)?
8
Suppose 3*g = -m + 5*m - 359, -3*m + 580 = -5*g. Let f = g + 50. What is the units digit of (f/28)/((-1)/16)?
6
Let a = -8042 - -12820. What is the tens digit of a?
7
Let f be 2/(-21)*-1857 - 2/(-14). Let j = -50 + f. What is the hundreds digit of j?
1
Suppose -5*q - 3*m = -5033, 2*m - 2363 = -2*q - 353. What is the thousands digit of q?
1
Let g(p) = 9*p - 12. Let b be g(-4). What is the units digit of 1/(1/(-4)) - (b - -11)?
3
Let c(b) = -b**3 + 17*b**2 + 24*b + 46. What is the tens digit of c(17)?
5
Let i = -5272 + 9507. What is the thousands digit of i?
4
Let o(s) = 6*s**2 - 9. Let z(l) = 7*l**2 - 10. Let k(t) = 6*o(t) - 5*z(t). Let p be k(0). Let r(m) = -8*m. What is the tens digit of r(p)?
3
Suppose 3 = -4*b + b. What is the units digit of b + 1*(10 - 4)?
5
Suppose -2*r + 16 = 2*f, 4*r + 2 = -3*f + 29. Let i be 4/14 - 204/(-21). Suppose -2*m + 19 = -v, i = 3*m - f*v - 8. What is the tens digit of m?
1
Let x(w) = -118*w**3 - 3*w - 2. Let r be -9 + 6 - (1*-2 - 0). What is the hundreds digit of x(r)?
1
Suppose 0 = 2*n + 2. Suppose -4*w + 108 = 2*m, -3*w + 4*m + 64 = -w. What is the tens digit of ((-5)/(10/w))/n?
1
Let l(f) = 85*f**3 - 1. Suppose 4*p - 5 + 1 = 0. Let i be l(p). Let d = 127 - i. What is the units digit of d?
3
Suppose 3*x - 23 = 2*d, x - 25 = -0*x + 5*d. Suppose -2*c + 1 = -x, -5*n + 37 = 4*c. What is the units digit of n?
5
Suppose x = -5*y + 26 + 1, y + 4*x = -6. Suppose 0 = -3*s - 2*q + 12, -3*q + 20 = 5*s - y*q. Suppose 0 = -s*z, r + 5*z = 2*r - 12. What is the tens digit of r?
1
Let m = -5 - 1. Let p(g) = -2*g - 9. Let f be p(m). What is the units digit of (42/2)/f + -2?
5
Let o(p) be the third derivative of p**6/120 + p**5/10 - p**4/4 - 3*p**3/2 + 2*p**2. Let t = 43 + -49. What is the units digit of o(t)?
7
Let a(n) = -406*n + 16. What is the tens digit of a(-2)?
2
Suppose 0 = -9*o - t + 37883, 2428 = 2*o - 4*t - 5982. What is the thousands digit of o?
4
Suppose -11*f = -18058 - 31805. What is the units digit of f?
3
Let r(x) = -17*x**3 + x**2 + 29. What is the units digit of r(-4)?
3
Suppose 6 = 2*s + s. Let m(h) = -h**s - 2 + 0*h**2 + 21*h - 26*h + 16*h. What is the tens digit of m(5)?
2
Let r(z) = 18*z - 10. Let l be r(-3). Let h = 92 + l. Let i = h - 22. What is the units digit of i?
6
Let k(p) be the third derivative of -3*p**6/40 + p**5/30 + p**4/6 + 5*p**3/6 - 17*p**2. What is the tens digit of k(-2)?
7
Let n = 101 + 142. What is the tens digit of n?
4
Let x = -97 - -234. Let d = -13 + x. What is the units digit of d?
4
Let c(s) = -s**3 - 12*s**2 - 11*s - 6. Let u be c(-11). Let l be (-2)/2*(u + -16). What is the units digit of (1*3)/(33/l)?
2
What is the hundreds digit of ((-4082)/(-3))/((-42)/(-63))?
0
Let s = 106 - 109. What is the units digit of s/(-2) - 4520/(-16)?
4
Suppose -5*t - 60 = -215. Suppose -3*s = -5*l - 0*l + 35, -4*s + 3*l = 32. Let n = t + s. What is the tens digit of n?
2
Let h(y) be the second derivative of y**6/360 + y**5/30 + y**4/24 - 7*y**3/6 + y. Let p(r) be the second derivative of h(r). What is the units digit of p(3)?
2
Let h be 6*1 - 68/17. Let s be (-10)/(-20) + 93/h. Suppose 2*w - 80 = -2*v, v - 4*w - s = -2. What is the units digit of v?
1
Let u(c) = c**3 - 6*c**2 + 2*c + 4. Let k be ((-8)/(-2))/((-6)/(-6)). Suppose -k*r = -6*r + 12. What is the tens digit of u(r)?
1
Let f be 2/(-12)*-3*24. Suppose -13*k + f = -10*k. Suppose -k*d + 2*d = -26. What is the tens digit of d?
1
Suppose 6*t + 30 - 318 = 0. Let a = t + 0. What is the tens digit of a?
4
What is the units digit of 16/(-40) - (-4896)/15?
6
Suppose 0 = 4*h, -26 - 10 = -3*a + 4*h. What is the units digit of (-279)/a*32/(-12)?
2
Suppose 8*g - 231 - 2297 = 0. What is the hundreds digit of g?
3
What is the hundreds digit of 103 - (0 + 4 + -2)?
1
Suppose 1503 = 9*f - 612. What is the units digit of f?
5
What is the hundreds digit of (-7 + 369/15)*50*1?
8
Suppose 0 = 2*m - 5*k + 10, -4*m + k - 18 = -2*m. Let d be m/(-1)*2/2. Suppose -d*p = -13*p + 189. What is the units digit of p?
3
Let h(o) = 843*o**2 - 26*o - 25. What is the tens digit of h(-1)?
4
Let m(p) = p**2 + 18*p - 9. Suppose 21 = -t + 3*l, -t + 42 = -3*t + 3*l. What is the units digit of m(t)?
4
Suppose 0*l - 3*l + 434 = 2*f, 0 = -5*f - 4*l + 1078. Suppose 4*d - 2*d = 3*x + 119, -2*x + f = 4*d. What is the units digit of d?
5
Suppose -3*u = u + 24. Let k(m) = -15*m - 2. Let j be k(u). Let l = j - 49. What is the tens digit of l?
3
Let z(j) = -31*j - 9. What is the tens digit of z(-4)?
1
Let t(w) = -204*w - 154. What is the hundreds digit of t(-13)?
4
Let g = -4 + 43. Let r = g - 2. What is the units digit of r?
7
Suppose 20*v = 21*v - 4. Let g(f) = -10*f + 1. Let n be g(-2). Let m = v + n. What is the tens digit of m?
2
Let l = -61 + 67. Suppose -a + l = -13. What is the tens digit of a?
1
Let o be 8/(-4)*-1*1. Let s be 27*-4*(1 - 1/3). What is the units digit of (o/4)/((-4)/s)?
9
Let j(r) = -r + 8. Let v be j(4). Suppose v*d = d + 363. What is the tens digit of d?
2
Let c be -11 + -5 + (0 - -4). Let i = c + 29. What is the units digit of i?
7
Let p = 385 - -265. What is the units digit of p?
0
Let g = 78 + -73. Suppose d = -g*q + 251, 2*d - 2*q + 6*q - 508 = 0. What is the units digit of d?
6
Let m be 4 - ((-3 - -5) + -3). Let j(a) = -a**3 + 5*a**2 - a + 5. Let g be j(m). Suppose g = 5*x + 4 - 64. What is the tens digit of x?
1
Suppose 3*r - 5*x + 25 = 2*r, 5*x - 105 = 3*r. Let t = 58 - r. What is the units digit of t?
8
Let z = -102 - -463. What is the hundreds digit of z?
3
Let n = -73 - -30. Let x be (-7 - -11) + 0 + -1 - 74. Let q = n - x. What is the units digit of q?
8
Let c(t) = -111*t - 687. What is the tens digit of c(-53)?
9
Let x(d) = d + 58. What is the tens digit of x(7)?
6
What is the tens digit of (-12)/15*(-89475)/30?
8
Let r(a) = -a**3 + 36*a**2 - 103*a + 29. What is the hundreds digit of r(31)?
6
Let z = 9 + -6. Suppose 74 + 121 = z*s. What is the tens digit of s?
6
Suppose 4*g - 85 + 73 = 0. What is the tens digit of (-282)/(-8) - g/12?
3
Let j(z) be the second derivative of z**4/24 + 11*z**3/3 + 5*z**2 + 2*z. Let s(n) be the first derivative of j(n). What is the tens digit of s(11)?
3
Let f(g) = -g**3 + 6*g**2 - g + 6. Let y be f(6). Suppose m = p - 227, 3*p - 7*p + 3*m + 904 = y. What is the units digit of p?
3
Let q(s) = s**3 + 17*s**2 + 10*s - 22. What is the tens digit of q(-12)?
7
Let v = 7735 + -5237. What is the units digit of v?
8
Let r be 4*(-3)/(-84) - 76/(-7). Suppose r*o = 1108 + 80. What is the tens digit of o?
0
What is the units digit of 6 + -8 - (-1738 + -4)?
0
Let b(d) = d**3 + 3*d**2 + 1. Let h be b(-3). Let q be (h/(-2) + 1)*16. What is the units digit of (-1)/(-2)*4 + q?
0
Suppose y + 348 = 4*a + 32, 3*y - 92 = -a. What is the units digit of ((-5)/(-2))/(8/a)?
5
Let v(s) = 80*s - 36. What is the tens digit of v(31)?
4
What is the tens digit of 0 - (-7)/(84/40416)?
6
Suppose 5*f - 1715 = -5*q, 3*q = 5 - 2. What is the units digit of f?
2
Let c be ((-2 - -2) + 2)/2. What is the tens digit of (185/(-10))/((c*-3)/18)?
1
Let g(s) = -8*s**2 - 28 + 2623*s**3 - 16*s - 2625*s**3 - 15*s**2. What is the units digit of g(-12)?
8
Suppose 2 = 3*g - g. What is the hundreds digit of g*2/(-2) + 158?
1
Let c = -208 + 146. Let f = c + 125. What is the units digit of f?
3
Suppose g - d = 0, 0 = 4*g - d - 19 + 7. Let i(r) = -3*r + 6*r - r - 3*r + 7. What is the units digit of i(g)?
3
Suppose 636 = -7*m + 3835. What is the hundreds digit of m?
4
Let h be ((-36)/45)/((-2)/355). What is the tens digit of h/2 - (-5)/(10/6)?